. Calculate the remainder when c is divided by 81.
74
Let t = 329 - 328. Let l(d) = -2*d + 3. Let o(q) = q + 1. Let j(w) = -l(w) + 2*o(w). Calculate the remainder when j(1) is divided by t.
0
Let m = -73 - -83. Calculate the remainder when 65 is divided by m.
5
Let z = 18 + -13. Calculate the remainder when 13 is divided by z.
3
Let w(m) = 8*m**3 + m**2 - 6*m + 4. Calculate the remainder when w(2) is divided by 8.
4
Suppose 5*b - 43 = -y + 35, b - 3*y = 22. Calculate the remainder when 365 is divided by b.
13
Suppose 5*k - 100 = -2*h, -4*h - 52*k = -55*k - 148. Calculate the remainder when 434 is divided by h.
34
Let x(c) = c**2 + c + 3. Suppose -557 + 7 = -55*m. Calculate the remainder when x(3) is divided by m.
5
Let x(s) = s + 9. Let j(b) = 2*b + 19. Let n(t) = 4*j(t) - 7*x(t). Let u = 16 - 7. Calculate the remainder when u is divided by n(-8).
4
Suppose 2*t = 20 + 10. Suppose 20*f - 35*f = -405. Calculate the remainder when f is divided by t.
12
Suppose -4*s + 200 = 4*t, -6*s = -2*s - 3*t - 228. Calculate the remainder when s is divided by 14.
12
Let q = -449 - -256. Let y = -126 - q. What is the remainder when y is divided by 23?
21
Let c = 211 + -180. What is the remainder when c is divided by 17?
14
What is the remainder when -5 - 1 - -1*267 is divided by 19?
14
Suppose 5*f - 4*f = 1. Let p be (72/45)/(f/25). Suppose 3*m + 4 = p. What is the remainder when 45 is divided by m?
9
Suppose 2*b + 4*r - 126 = 8, 0 = -b - 5*r + 52. Suppose -17 = 3*s - b. Let z = -1 - -39. Calculate the remainder when z is divided by s.
18
Let u = 55 + -35. Suppose -5*c - 9 + 196 = -2*i, 0 = -3*c - i + 121. Suppose -4*n = -g - 1 - c, -g = -4. Calculate the remainder when u is divided by n.
9
Let s be (7 - (5 - 5))*-2. Calculate the remainder when (-4)/s - 0 - (-187)/7 is divided by 8.
3
Let q = -68 + 74. Calculate the remainder when 20 is divided by 2/q + 5/15*53.
2
What is the remainder when ((-6)/(-6))/(2/1506*3) is divided by 85?
81
Let a = 35 - 8. Let q(c) = -c**3 - 6*c**2 + c + 6. Let t be q(-7). Suppose t = 5*f - a. What is the remainder when 43 is divided by f?
13
Let p = 88 + -87. Suppose -3*a - 5*c = -p - 43, 5*a = c + 92. What is the remainder when 28 is divided by a?
10
Let r(x) = -8*x - 11. Let b = 279 - 178. What is the remainder when b is divided by r(-4)?
17
Let f = 25 - -478. Calculate the remainder when f is divided by 56.
55
Let b be (-6 - -4)*-1*1. Let t be (-1)/2*(-4 - 0). Suppose 12 = t*f - b. Calculate the remainder when f is divided by 2.
1
Let s = 281 - 255. Calculate the remainder when s is divided by 8.
2
Calculate the remainder when 64 is divided by 1/(4/8 + (-30)/68).
13
Let j = 20 - 6. Suppose -3*o + 2 = j. What is the remainder when 26 is divided by 8 - (4 + -1 + o)?
8
Suppose 5*l - 577 = -22. Let d = l - 54. What is the remainder when d is divided by 15?
12
Let w = 354 + -267. Calculate the remainder when 173 is divided by w.
86
Suppose -4*k + 39 = -505. Suppose 0 = -2*d + 4*f + k, 5*d + 4*f = -0*d + 270. Calculate the remainder when d is divided by 12.
10
Let n(x) = -x + 6. Let b be n(-6). Let q = b - -14. Suppose -24*s - 108*s = -4*s - 6528. What is the remainder when s is divided by q?
25
Let k = -1460 + 1470. Suppose 2*s + 10 = -0*s. Calculate the remainder when (-1)/s + (-189)/(-5) is divided by k.
8
Let u = -166 - -180. What is the remainder when 52 is divided by u?
10
Let y(l) = 11*l**3 + 1. What is the remainder when 80 is divided by y(1)?
8
Suppose -36*z = -29*z - 525. What is the remainder when 110 is divided by z?
35
Suppose -2*h + 3*h = 12. Suppose 0 = 5*c - 3*b + 6, 0*c + 10 = -c + 5*b. Calculate the remainder when 4 + (-2 + c - -33) is divided by h.
11
Suppose -3*z - z + 64 = 0. Let l = 5 - 2. Suppose 0 = -2*r + m + 24, l*r - 2*m = -0*m + 38. What is the remainder when z is divided by r?
6
Let v = -85 + 178. Calculate the remainder when v is divided by (-1)/((8/(-160))/(0 + 1)).
13
Let v(h) = -h**2 - 12*h + 3. Let a(w) = w**3 - w**2 + w + 5. Let s be a(0). Suppose -g = -12 + s. What is the remainder when g is divided by v(-12)?
1
Let y be (-1 - 19)/5*-1. Suppose y*q - 2 = 2*s, 7*q - 3*s = 4*q. Calculate the remainder when 1 is divided by q.
0
Suppose -6*f = -2*f - 8. Let w(x) = 22*x - 27. Calculate the remainder when 47 is divided by w(f).
13
Let c(q) = -3*q + 36. What is the remainder when c(-6) is divided by 31?
23
Suppose -129*z + 224 + 270 = -110*z. Suppose 4*c + 72 = 5*v, -c + 6*c = v - 6. What is the remainder when z is divided by v?
10
Let s = 159 - 20. Calculate the remainder when s is divided by 28.
27
Suppose 6*f - 257 = f + 2*p, -4*p - 37 = -f. Suppose 5*t - f - 7 = 0. What is the remainder when 44 is divided by t?
8
Let x = 1290 - 973. Calculate the remainder when x is divided by 30.
17
Let g(n) = -4*n + 12. Let a be g(14). Let i be ((-11)/2)/(2/a). Let f = i + -74. What is the remainder when f is divided by 25?
22
Let o(r) = -r**3 - 2*r**2 - r + 2. Let c be o(-1). Let a = c + 21. Suppose -2*m + m + 8 = 0. Calculate the remainder when a is divided by m.
7
Suppose -o + 3 = 5*k, -2*k - 29 - 37 = -2*o. Let z = 45 - o. What is the remainder when 30 is divided by z?
13
Suppose 2*c + 2*c + 5*a - 183 = 0, -c - 2*a = -48. What is the remainder when c is divided by (-1)/(-4)*-2 - (-180)/8?
20
Let h = -703 - -935. What is the remainder when h is divided by 13?
11
Calculate the remainder when 167 is divided by (168/(-10))/(14/(-35)).
41
Suppose 7*o - 539 = -294. Calculate the remainder when 209 is divided by o.
34
Let p be (-2 - (-3 + 3/(-3))) + 9. Calculate the remainder when 39 is divided by p*1/1 - -3.
11
Let n = 31 - 21. What is the remainder when (-177 + -1)*(-5)/n is divided by 23?
20
Let c(s) = 18*s**3 + s. Let h(n) = -n**3 + 12*n**2 - 12*n + 12. Let g be h(11). Let v be ((-2)/1 + g)/(-1). What is the remainder when c(v) is divided by 11?
8
Suppose 4*o + t + 262 = 9*o, 3*t + 6 = 0. What is the remainder when 829 is divided by o?
49
Suppose -5 = -v + 97. Let r(p) = -57*p - 2. Let b be r(1). Let k = b + v. What is the remainder when k is divided by 15?
13
Let x(m) = 7*m - 3*m + 9 + 2*m - 3*m. Suppose s - 3*s - 8 = -4*o, -3*s + 5*o = 8. What is the remainder when 81 is divided by x(s)?
18
Suppose 23 = 5*v - 3*d, 4*v - d - 18 = d. Let b(m) = 6*m - 1. Calculate the remainder when b(v) is divided by 6.
5
Suppose -4*p + 5*v + 29 = 0, -3*p + 2*v - 26 = -53. What is the remainder when p is divided by (-2)/7 + (-23)/(-7)?
2
Let u(o) = 2*o**2 + 4*o + 14. Let r be u(-6). Let d = 110 - r. What is the remainder when d is divided by 25?
23
Suppose 0 = -2*c - 19 + 7. Let h = c - -19. Let a(u) = 7*u**3 - 2*u**2 + u + 1. Calculate the remainder when a(2) is divided by h.
12
Calculate the remainder when 94 is divided by (9 - -3)/6*4.
6
Let o = 82 + -78. Suppose 3*a - q = -4*q + 27, 33 = o*a + 5*q. What is the remainder when 58 is divided by a?
10
Suppose -51 - 81 = -6*h. Suppose 0 = 2*n - 48 - 120. What is the remainder when n is divided by h?
18
Let w = -406 - -417. Calculate the remainder when 174 is divided by w.
9
What is the remainder when 65 is divided by (12/(-8))/(12/(-32))?
1
Let t(i) = i**3 + 14*i**2 - 14*i + 17. Let l be t(-15). Let d(s) = 20*s - 2. What is the remainder when d(l) is divided by (9/(-6))/(2/(-28))?
17
Suppose 0 = -8*j + 256. What is the remainder when 58 is divided by j?
26
Let x = -13 + 1. Let y be (6/9)/((-8)/x). Suppose -3*c + y + 11 = 0. What is the remainder when 7 is divided by c?
3
Suppose q - 3*s = -68, 4*q - 2*s + 167 = -105. Let a = q - -74. Calculate the remainder when a is divided by 3.
0
Let y = -408 - -434. Calculate the remainder when y is divided by 18.
8
Let u = 397 - 329. Calculate the remainder when u is divided by 9.
5
Let b = -67 + 78. Suppose 0 = 3*i + b - 47. Calculate the remainder when 28 is divided by i.
4
What is the remainder when 198 is divided by (-4)/(-52) + (-7085)/(-169)?
30
What is the remainder when 1066/10 + 364/260 is divided by 24?
12
Suppose 4*z - 66 = 4*g + 54, 0 = z - 5*g - 10. Let i = -501 - -514. Calculate the remainder when z is divided by i.
9
Suppose 0 = i + 3*w - 6 - 11, 5*i - 5*w + 15 = 0. Suppose -3*v + 4*o + 27 = 0, -i*v + 4*v = -o + 18. What is the remainder when 34 is divided by v?
7
Let s(u) = -u - 3. Let v be s(5). Let p = 12 + v. What is the 